58
Let z = 7238 - 7222. Calculate the remainder when 1406 is divided by z.
14
What is the remainder when -4*12/(528/(-3641)) is divided by 102?
25
What is the remainder when (-7 - ((-15)/20 + (-15)/12)) + 235 is divided by 35?
20
Let z be 2985/40 + (-9)/(-24). Suppose -3 = 5*t + 7, 5*f - z = -5*t. Let l = 341 + -241. Calculate the remainder when l is divided by f.
15
Let a be 42360/48*(-2)/(-5). Suppose 6*u - a - 217 = 0. What is the remainder when u is divided by 4?
3
Let d(h) = -3*h**3 + 15*h**2 + 2*h + 7. Let i be 0 + (-5 - -7 - -3). What is the remainder when 101 is divided by d(i)?
16
Let b = -5844 - -6012. Calculate the remainder when 3186 is divided by b.
162
Suppose 0 = d + 4*d - 25. Suppose 0 = d*v - 6*v + 14. Suppose v*z = 4*z + 470. What is the remainder when z is divided by 16?
15
Let z = 387 + -354. Suppose 0 - 43 = -n. Calculate the remainder when n is divided by z.
10
Suppose -12*q = -16*q - 1816. Let z = q + 699. What is the remainder when z is divided by 41?
40
Let t = 8096 - 2853. Calculate the remainder when t is divided by 92.
91
Let y(q) = q**2 - 10*q + 6. Let k be y(9). What is the remainder when (5/(25/(-30)) - -158) + -1 is divided by (-1)/(-3*k/(-198))?
19
Suppose 3*s + 2*p - 17212 = 0, -4*s + 3429*p = 3431*p - 22946. What is the remainder when s is divided by 37?
36
Let b(z) = z**2 + 12*z + 17. Let a be b(-10). Suppose 2*j + 3*j = 145. Calculate the remainder when (-17 - a)*(-8 - -2) is divided by j.
26
Let y be 27/(-135) + 148/(-10). Let v = -10 - y. Suppose -z + 56 = v*c, 47 = 5*c - 5*z - 3. What is the remainder when c is divided by 5?
1
Let v(g) = 3*g**2 + 23*g + 18. Let t be v(-7). Suppose t*l - 268 + 168 = 0. What is the remainder when 47 is divided by l?
22
Let f = -23 + 36. Let j = -43 + 48. Suppose -108 = -4*u - 4*s, 14*s = j*u + 16*s - 150. What is the remainder when u is divided by f?
6
Let b = -962 + 1544. Let w = 598 - b. Calculate the remainder when 29 is divided by w.
13
Calculate the remainder when ((-44)/33*1)/(111/(-108) - -1) is divided by 21.
6
Suppose -866*y + 868*y + k = 9011, 0 = 3*y - 5*k - 13523. Calculate the remainder when y is divided by 8.
2
Suppose -6*t - 28*t = -4*t - 1500. Calculate the remainder when 1199 is divided by t.
49
Suppose -4*d - 305 = 3*m - 858, -3*d - 5*m = -412. What is the remainder when 2222 is divided by d?
137
Let d be 5/(-5)*(-1)/3*30. Let j(b) = 9*b - 27. Let o be j(d). Let u = o + -52. Calculate the remainder when 30 is divided by u.
8
Suppose t - 2*d + 6*d = 0, 3*t = 3*d + 15. Suppose 4*q - 16 + 1 = -v, t*v = 5*q + 60. Calculate the remainder when 72 is divided by v.
12
Suppose 5*q + 5188 + 2473 = 52*q. What is the remainder when 3584 is divided by q?
161
Suppose -2*c + 114 = -3*o, -5*c + 2*o - 51 + 281 = 0. Calculate the remainder when (0 - -1)/(2/334) is divided by c.
41
Suppose -2*z + 779 = 4*a + a, 0 = 4*a - 5*z - 643. Let v = a - 71. What is the remainder when v is divided by 19?
10
Let m(p) = 10*p - 134. Let j = 26 + 2. Let c = j + 18. What is the remainder when c is divided by m(15)?
14
Let g = 11217 - 11187. What is the remainder when 4228 is divided by g?
28
Suppose 0 = -5*d + 2*d. Suppose -2*t = 2*v - 4, v + 4*v - 3*t + 6 = d. Suppose v = m - 11*m + 1250. What is the remainder when m is divided by 32?
29
Let g be 14/(1/1) + (1 - -2). Suppose 7*p - 123 = g. Suppose 0*b + 5*b = -25, -4*b = 4*m - 136. Calculate the remainder when m is divided by p.
19
Suppose -4*s + 3*m + 0*m + 33 = 0, -15 = -2*s + 3*m. Suppose 0*v + 5*x = 2*v - 233, 4*v + 5*x - 451 = 0. What is the remainder when v is divided by s?
6
Suppose 2881 = 9*v + 58*v. What is the remainder when 2362 is divided by v?
40
Let d = 13180 + -13086. Let c = 52 + -2. What is the remainder when d is divided by c?
44
Calculate the remainder when 5975 is divided by 2 - 1 - (-1794)/13.
137
Suppose -5*g + 4*g - 24 = 0. Let w = g - -40. What is the remainder when w is divided by (-4)/(-26) - ((-150)/39 - 3)?
2
Suppose 2*w - 2*i - 50 = 0, w - 30 = 5*i + 15. Suppose 11*s - w = 6*s. Calculate the remainder when s/(4/1)*15 is divided by 9.
6
Suppose 0*u = 2*u - 5*z + 14, u + 20 = -4*z. Let f(m) = m**2 - 10*m - 10. What is the remainder when -6 - 4/(u/597) is divided by f(12)?
11
Suppose -3*d + 47617 = 56*d + 6848. Calculate the remainder when d is divided by 23.
1
Suppose 15 = -3*k, -3*r - 2536 = r - 4*k. Let v be -3*(r/351 - (-4)/26). Suppose v*j = -3*j + 304. What is the remainder when 71 is divided by j?
33
Suppose 59*b + 4*b - 504 = 0. Suppose -b*a + 50 = -270. Suppose -4*t = -3*t - 4*o - 72, 5*t + 3*o = 383. What is the remainder when t is divided by a?
36
Let n = -15 - -97. Suppose m = -2, -152 + 68 = -3*z - 3*m. Calculate the remainder when n is divided by z.
22
Let n = -58 - -165. Suppose -4*p = -4*d + 248, 4*d - 2*p = 139 + n. Let k = d - 26. What is the remainder when k is divided by 9?
8
Suppose -4*z - 5*l + 250 = 0, 3*z - 11*l + 10*l = 197. Calculate the remainder when z is divided by 22.
21
Let h = -22 - -41. Suppose 2*l = -4*f + 4, 4*l - f = 12 + 32. What is the remainder when ((l - 5) + -6)/((-5)/375) is divided by h?
18
Let d(v) = v**2 + 14*v - 143. Suppose 180 = 2*f + 2*f. What is the remainder when d(-25) is divided by f?
42
Let o = 115 - 5. Suppose 5*v - 76 = -33*v. What is the remainder when o is divided by (3/(36/42))/(v/16)?
26
Let c be (-127)/((5/10)/(1/(-2))). Let n = -98 + c. Calculate the remainder when 53 is divided by n.
24
Let s be 8/2 + 125 + 31. Let m = 171 - s. Calculate the remainder when 54 is divided by m.
10
Let r = -50 - -70. Calculate the remainder when (259/5)/1 + (-8)/10*1 is divided by r.
11
Let u(y) = -y + 25. Let j be ((-8)/(-24))/((-4)/(-72)). Let c = 103 - 50. Calculate the remainder when c is divided by u(j).
15
Suppose 95*j + 65223 = 785608. What is the remainder when j is divided by 41?
39
Suppose 33*s + 41*s = -57*s + 5764. What is the remainder when 139 is divided by s?
7
Suppose 2*n = -4*x + 74, -2*x - 4*n + 7*n = -57. Let q = 2637 + -2430. Calculate the remainder when q is divided by x.
18
Let t(c) = c**3 + 60*c**2 - 124*c + 423. Calculate the remainder when t(-60) is divided by 57.
54
Suppose -3*r + l + 846 = 0, -15*l = -r - 12*l + 306. Suppose 4*q = 76 + 148. Calculate the remainder when r is divided by q.
55
Let z be ((-5)/(-10))/(2/(-8)). What is the remainder when 61 is divided by 77/z*20/(-35)?
17
Suppose 2*g - 6765 = -5*t, -15*g - 5001 + 1023 = -3*t. What is the remainder when t is divided by 24?
7
Suppose -7500 = -0*l - 12*l. Suppose -270*b - l = -275*b. Calculate the remainder when b is divided by 14.
13
Let s = -2114 - -2137. Suppose 0*q - z - 90 = -3*q, 3*z + 9 = 0. Calculate the remainder when q is divided by s.
6
Let i(u) = -u + 2. Let f be i(4). Let y be (-138)/(-42) - f/(-7). Suppose 5*g - 30 = 5*x, -3*g = 3*x - 45 - y. What is the remainder when g is divided by 3?
2
Suppose -2*p + 0*p + o = -22, 5*p = -4*o + 42. Let u(c) = 3*c**2 - 9*c - 37. Calculate the remainder when u(-3) is divided by p.
7
Let n(l) = -4*l**3 + 14*l**2 - 4*l + 5. Let x be n(2). What is the remainder when 148 is divided by -2 + 4 + 4 + x?
13
Let i(p) = -222*p - 1974. Calculate the remainder when 1439 is divided by i(-9).
23
Suppose 0 = -3*c - 7*l + 295, 0*l + 4 = -2*l. Suppose 65 = 5*d - 70. Calculate the remainder when c is divided by d.
22
Let j = 2684 + -2648. Calculate the remainder when j is divided by 21.
15
Suppose 2*q + 15*g + 4*g - 713 = 0, -942 = -3*q - 3*g. What is the remainder when q is divided by 272?
37
What is the remainder when 610 is divided by 21*(6800/(-420))/(-10)?
32
Suppose -3*r + 256 = -2*g, 617*r - 618*r = -g - 87. Suppose 3*w = -w + 104. What is the remainder when r is divided by w?
4
Suppose 5*q - 251 = -30*l + 27*l, l - q = 89. What is the remainder when l is divided by 64?
23
Suppose c - 308 = 5*g - 515, 137 = 3*g + c. Let k(q) = -21*q - 3. What is the remainder when k(-4) is divided by g?
38
Suppose -k - 3*k = -4*b - 8, 3*b = -5*k + 26. Let d = 4 - 6. Calculate the remainder when (-4*11)/(d - 0) is divided by k.
2
Suppose -23 = -5*m - 4*l, 0 = 2*m + 3*l + 1 - 13. Suppose 0 = -23*v - 46. What is the remainder when m is divided by 2 + 2 + v/(0 + 1)?
1
Let r(l) = l**2 + 5*l + 10*l**3 - l**3 + 6 - 2 - 15*l**3. Calculate the remainder when 189 is div